w) - 5*n(w). Give m(-5).
-6
Let x(i) = -4*i**2 + i + 1. Let h = 51 + -33. Let z = h - 19. Determine x(z).
-4
Suppose 4*u + 2*y + 0 - 12 = 0, -5*y = 0. Suppose 3 = -4*t + 7. Let b(l) = 4*l + 0 + 2 - l**2 - t. What is b(u)?
4
Let c(j) = -j**2. Let d(q) = 2*q**2 - 6*q + 6. Let v(w) = -3*c(w) - d(w). What is v(-6)?
-6
Let q = -11 + 6. Let p(l) = 7*l + 1. Let u(a) = -a**2 + 4*a + 4. Let x be u(5). Let w(c) = -c + 1. Let z(j) = x*p(j) - 6*w(j). What is z(q)?
-2
Let f be -6 - -2 - (2 + -11). Let z(v) = v**3 - 4*v**2 - 2*v. What is z(f)?
15
Let b be (-19 - -17)*(0 - 1). Let a(s) = 2*s**3 - s**2 + 2*s - 2. Calculate a(b).
14
Let n(q) = q**3 - 11*q**2 - 2*q + 16. Let y be n(11). Let v(w) = -w**2 - 8*w - 3. What is v(y)?
9
Let n(y) = -2*y + 5*y**3 + 5*y**3 + y**2 + 1 + 0*y. Give n(1).
10
Let k(n) = 3*n**2 + n - 6. Suppose 3*i = -g - 16, 12 = -2*i - 3*i + 2*g. Let v = 3 + i. Let s(r) = -r**2 - r. Let h(m) = v*k(m) - 2*s(m). Calculate h(0).
6
Let i(x) = -3*x - 1. Let l be i(-6). Let k(o) = 5*o**2 + 3*o + 9. Let y(z) = 14*z**2 + 9*z + 26. Let c(p) = l*k(p) - 6*y(p). Calculate c(3).
-3
Let o(p) = 16*p**3. Suppose 2*q + 1 = -1. Give o(q).
-16
Suppose 0 = -3*p - 0 - 18. Let j(c) = -2*c + 1. What is j(p)?
13
Let l(w) = w**3 + 2*w**2 + 3*w + 2. Let s(v) = v**3 - 9*v**2 - v. Let d be s(9). Let x = -11 - d. What is l(x)?
-4
Let x(t) = -124 + 68 - t**2 + 63. Let s(a) = -a**2 + 6. Let u be (-4)/6 - 28/(-6). Let h(g) = u*x(g) - 5*s(g). Calculate h(-3).
7
Let w(q) = 4*q + 11. Let d(x) = 8*x + 23. Let y(p) = -6*d(p) + 13*w(p). What is y(-6)?
-19
Suppose 5*y + 5 = 0, -4*t + 2*y - 1 = -y. Let k be ((-2)/(-4))/(t/10). Let p(z) = -2 + z + 5 + 2. Determine p(k).
0
Let y(x) = -5 + x**2 + 0*x**2 - x**3 + x**2 + 2*x + x**2. Give y(4).
-13
Let a(h) be the second derivative of -h**4/12 - h**3/6 - h**2/2 - 3*h. Let d(w) = w**2 + 4*w + 1. Let o(m) = -2*a(m) - d(m). Determine o(2).
1
Suppose -5*q + 1 = -2*q + 2*k, -4*q + 3*k = 27. Let v(m) = -2*m - 4. What is v(q)?
2
Let w(v) = -4*v**2 + v**2 - v**2 - 3 + 5*v**2 + 3*v. Give w(-4).
1
Let r(l) be the second derivative of -7*l**3/6 + 3*l**2/2 - 4*l. Let d(q) = 11*q - 4. Let y(v) = 5*d(v) + 7*r(v). What is y(2)?
13
Let y(p) = -p**2 + 8*p - 4. Suppose 3*h - 5*h + 16 = 0. Determine y(h).
-4
Let m(a) be the second derivative of -a**5/20 - a**4/6 - a**3/6 - a**2/2 + a. Suppose 5*u - 24 = -3*f, -2*f = -2*u - 0*f. Let y be (u/6)/((-2)/8). What is m(y)?
1
Let h be 4/10 + (-8)/(-5). Let s(i) = i + i**3 + 4*i**h + 6 - 6. Calculate s(-3).
6
Let q(m) = 4*m**3 - 4*m**2 + 2*m + 6. Let x(i) = -9*i**3 + 8*i**2 - 4*i - 13. Let w(k) = -7*q(k) - 3*x(k). Calculate w(3).
0
Suppose -18 - 2 = 5*j. Let c(b) = -5*b**3 - b**2 + 2*b + 9. Let a(t) = -t**3 - t**2 + 1. Let w(d) = j*a(d) + c(d). Give w(4).
-3
Let v be (-63)/(-15) - (-1)/(-5). Suppose 4 + 4 = v*x. Let a(l) = 4*l + 2 - 3*l**x - 5*l**3 + 4*l**3 + 0*l**2. What is a(-3)?
-10
Let x(z) be the first derivative of -z**4/4 - 7*z**3/3 + 3*z**2 - 10*z - 7. Determine x(-8).
6
Let i(s) = -12*s + 1. Suppose 12*l - 6 = 6*l. Calculate i(l).
-11
Let z(r) be the third derivative of r**6/120 - r**5/15 + r**4/8 + r**3/2 + 3*r**2. Let u be (-4)/22 - 175/(-55). What is z(u)?
3
Let j(f) = -f + 7. Let g(y) = y - 4. Let c(b) = 5*g(b) + 3*j(b). Let r be c(1). Let z(k) = 6 - k - k**2 - 5 + r. Calculate z(-3).
-2
Let s be 4 + -1 + (2 - 3). Let g(h) = 1 + 1 - 4*h + h**s + 1. Determine g(3).
0
Let f be ((-2 - -3) + -5)/1. Let m(x) = 3*x - 2. Let s(r) = -r - 1. Let b(l) = m(l) + s(l). What is b(f)?
-11
Let v(j) = j. Let k(l) = 4*l - 6. Let w(m) = -k(m) + 5*v(m). Suppose 11*g = 12 - 12. Determine w(g).
6
Let p(g) be the first derivative of g**5/12 + g**4/24 + g**3/3 + 4. Let y(a) be the third derivative of p(a). What is y(-1)?
-9
Let z(r) = -3*r**2 + 2*r - 2. Let q(a) = -17*a + 19. Let s(l) = 9*l - 10. Let w(u) = -6*q(u) - 11*s(u). Let b be w(4). Suppose v - b = -3*v. Calculate z(v).
-10
Let s be 1/(-2) + 36/(-8). Let j(m) = 2*m**2 + m - 1 + m**3 + 0*m**2 + 7 + 3*m**2. Give j(s).
1
Let h(a) = -a - 9. Let c(l) = -l**2 - 3*l - 10. Let p be c(0). What is h(p)?
1
Let u be (-4 - 0/(-2))/(-1). Let f(l) be the second derivative of l**4/24 - 3*l**2/2 + 6*l. Let d(j) be the first derivative of f(j). What is d(u)?
4
Let t = 1 - -2. Let j(s) = -s**t - 2*s**3 + s + 0 + 4*s**3 - s**2 + 3. What is j(0)?
3
Let s(h) = h - 1. Suppose -58 = -4*j + 2*k, 3*j - 3*k + 9 = 5*j. Let m = -11 + j. Determine s(m).
0
Suppose 10 = 2*d - 3*d - 5*k, 0 = 5*d + 2*k - 19. Suppose 0 = -10*u + d*u. Let g(c) = -c**2 - c + 5. What is g(u)?
5
Let u(d) = -d**3 + d + 20. Suppose -6*w - w = -4*w. Determine u(w).
20
Let i(g) be the third derivative of 0*g**3 + 1/120*g**6 - g**2 + 0*g + 1/12*g**5 + 0 + 1/4*g**4. Give i(-4).
-8
Let a(c) = -c**2 + 7*c + 4. Let h be a(7). Let t(f) = f**3 - 4*f**2 - f + 5. What is t(h)?
1
Let a(l) be the first derivative of -l**3/3 + 2*l**2 + 2*l - 4. Calculate a(4).
2
Let x(m) be the first derivative of -m**3/3 + 3*m**2 - m - 36. Determine x(6).
-1
Let t(b) = b**2 + 1. Let u(f) be the first derivative of -f**3/3 + 2. Let r(o) = t(o) + 2*u(o). Let w(y) be the first derivative of r(y). Give w(1).
-2
Let a(d) = 4*d**2 - 4. Let w(y) = -5*y**2 + 5. Let j(h) = 3*a(h) + 2*w(h). Calculate j(2).
6
Let u(h) be the third derivative of h**6/120 - h**3/3 + 21*h**2. Determine u(0).
-2
Let a(o) = o**2 - 8*o - 21. Let f be a(10). Let p(l) = 16*l + 1. Determine p(f).
-15
Let r(n) = -n**3 + n**2 + 2*n - 2. Let z = 3 + 2. Suppose -z = -4*o + 7. Suppose o*y + 8 = 3*d + 2, 4*y - 5*d = -12. What is r(y)?
-2
Let m(n) = n**2 - n. Let v be 7 - (4 + 0 - 2). Give m(v).
20
Suppose -16 = 4*t, 5*u = 2*u + 2*t + 35. Let r = 12 - u. Let g(x) = -x - 3. What is g(r)?
-6
Let r(p) = p**2 - 2*p - 8 + p + 9. Give r(0).
1
Let l(x) = x**2 + 7*x - 13. Let z be (-3)/(1 - 4/6). Calculate l(z).
5
Let k(s) be the third derivative of s**4/24 + 5*s**3/6 - 32*s**2. Determine k(-7).
-2
Let f(b) = -b - 1. Let p(x) = 0*x - 4 - 6*x + x + 0*x. Let j(u) = 6*f(u) - p(u). Calculate j(4).
-6
Suppose -m + 5 = 0, -3*z + 4*m - 16 = 22. Let k(x) = -x**3 - 7*x**2 - 3*x + 1. What is k(z)?
-17
Let c(x) = -2*x + 36. Let g be c(19). Let w(u) = u**3 + 7*u**2 + 5*u. Let f(l) = 3*l**3 + 20*l**2 + 14*l. Let i(m) = -4*f(m) + 11*w(m). Calculate i(g).
-2
Suppose m + 50 = 6*z - z, 0 = 5*m. Suppose q = -4*q + z. Let l(h) = h - 2*h - h**2 + 3*h. Give l(q).
0
Let a(g) = g**3 - 2*g**2 - 12*g - 3. Let r(u) = u**2 - u - 1. Let l(k) = -a(k) + 4*r(k). Give l(7).
6
Let p(q) = 6 - 2*q - 17 + 11. Give p(-3).
6
Let o(h) be the second derivative of h**5/120 + 7*h**4/24 - h**3/3 + 3*h. Let b(y) be the second derivative of o(y). Give b(-5).
2
Let j = 11 + -15. Let v(s) = s - 1. Let k(h) = -h**2 - 8*h - 1. Let o(t) = k(t) + 3*v(t). Give o(j).
0
Let h(c) = -c - 123 - 123 + 246. Let q(k) = k**2 - 3*k - 2. Let u be q(3). Let o be -2 - (u + 1) - -1. Determine h(o).
0
Let z(l) = -l**3 + 4*l**2 - 6*l + 5. Let n be z(3). Let d(o) be the second derivative of 1/12*o**4 + 5/2*o**2 + 3*o + 0 + 5/6*o**3. What is d(n)?
1
Let r(q) = q**3 - 4*q**2 + 3. Let j be r(4). Let s(t) = -t - 7*t + 9*t + j*t - t**2. Calculate s(3).
3
Let m = 40 - 41. Let c(u) = -8*u**2 + 1. Give c(m).
-7
Let h(d) = -d**3 - 3*d**2 - d. Let t be (-1 + 2/1)*0. Suppose -2*p - 5 + 1 = t. Give h(p).
-2
Let d(f) be the first derivative of f**3/3 + 3*f**2 - 7*f + 3. Calculate d(-5).
-12
Let d(r) = -r + r**2 + 4*r + 4 + 0*r. Suppose -w - 1 = -m - 2, -w + 4*m + 16 = 0. What is d(w)?
8
Suppose -7*r + 5*r = 6. Let q(m) = m. Determine q(r).
-3
Let x(d) = -d**3 + 4*d**2 - 6*d + 4. Let o(u) = -u. Let s(r) = 5*o(r) - x(r). Let y be s(4). Let c(k) = -k**3 + k + 7. What is c(y)?
7
Let l = -4 - -2. Let k(v) = -3*v**2 - v + 2. Let i(w) = -1 + 2 + 9 - 2 - 13*w**2 - 4*w. Let p(x) = -2*i(x) + 9*k(x). What is p(l)?
0
Let t(l) = -5*l - 1. Let j(n) = -n**2 - 6*n - 4. Let o be j(-5). Let c = 2 - o. Give t(c).
-6
Let d(g) = -g**2 - 6*g - 7. Let w(v) = -1. Let r(l) = d(l) - 4*w(l). Suppose -m = -3*q - 6 - 1, 3*q = -3*m - 3. Calculate r(q).
5
Let c(z) = -5*z + 4. Let v(q) = -q. Let h(t) = -c(t) + 6*v(t). What is h(-8)?
4
Let r be -4*(2 - (-5)/(-2)). Let x(t) = 0*t**2 - t + 3*t + t**r. What is x(-1)?
-1
Let s(g) = g**2 - 4*g + 1. Suppose -5*f = -5*j, -2*f + 16 = -0*f + 2*j. Suppose 3*h = 2*h + f. D